tor of 2122950 and 40?
10
What is the greatest common factor of 16 and 428098?
2
Calculate the greatest common divisor of 478 and 53105083.
239
Calculate the greatest common factor of 3079146 and 173012.
2338
What is the highest common factor of 537 and 845355424?
179
Calculate the highest common divisor of 1104 and 65616.
48
What is the greatest common factor of 263440 and 595232?
1424
What is the highest common divisor of 673980 and 149695?
235
Calculate the highest common divisor of 35975 and 69208705.
7195
Calculate the highest common factor of 2202 and 16864017.
1101
Calculate the highest common divisor of 929718 and 684854.
3826
Calculate the highest common factor of 9317 and 6302681.
77
Calculate the greatest common divisor of 49998970 and 1240.
310
What is the greatest common factor of 41778 and 500070?
1266
What is the highest common divisor of 41529 and 4252341?
381
What is the highest common divisor of 6536 and 74802886?
1634
What is the greatest common factor of 1464 and 1446648?
24
What is the highest common divisor of 6742379 and 2513?
2513
What is the greatest common factor of 1351 and 17659307?
193
What is the highest common factor of 45159551 and 9607?
739
What is the highest common divisor of 800 and 43109200?
400
Calculate the highest common divisor of 132 and 8256198.
6
What is the highest common factor of 7227 and 21835?
11
Calculate the highest common divisor of 113486441 and 4012.
1003
Calculate the highest common divisor of 4552 and 29154422.
1138
Calculate the highest common factor of 2 and 6581425.
1
What is the greatest common divisor of 3662120 and 462?
154
What is the greatest common factor of 660 and 531534?
6
What is the greatest common divisor of 1953 and 10449821?
31
What is the greatest common factor of 10007280 and 163836?
4428
Calculate the highest common divisor of 20843249 and 63154.
2429
Calculate the highest common factor of 140 and 59069738.
14
Calculate the highest common factor of 4702352 and 163984.
4432
What is the highest common divisor of 6012 and 722232?
36
Calculate the greatest common divisor of 6104 and 412674.
218
What is the greatest common divisor of 3139478 and 12070?
142
What is the greatest common factor of 301558824 and 10416?
5208
Calculate the greatest common factor of 9064 and 16687030.
206
What is the highest common divisor of 3066634 and 962?
74
What is the highest common factor of 6894145 and 3056?
191
Calculate the greatest common factor of 358020872 and 792.
88
Calculate the highest common factor of 4961211 and 4128.
129
Calculate the highest common factor of 483260 and 59911.
331
Calculate the greatest common factor of 426 and 62256066.
426
What is the highest common divisor of 146489 and 1169?
7
Calculate the highest common factor of 1444922 and 30686.
134
Calculate the highest common factor of 1626007 and 12552.
523
Calculate the highest common divisor of 58718 and 2189836.
3454
What is the greatest common divisor of 1498 and 5018728?
214
Calculate the highest common factor of 16 and 172393768.
8
Calculate the highest common divisor of 1242445 and 10.
5
What is the greatest common factor of 10285150 and 250?
50
Calculate the greatest common factor of 1464935 and 1943.
29
What is the highest common factor of 59482731 and 22176?
231
What is the highest common factor of 8194 and 186696193?
4097
What is the highest common divisor of 24722792 and 2024?
184
Calculate the highest common divisor of 407 and 4150327.
37
What is the greatest common factor of 3152 and 63296?
16
What is the highest common factor of 99238 and 62?
2
What is the greatest common factor of 3927359 and 124?
31
Calculate the greatest common divisor of 17274212 and 16.
4
What is the greatest common divisor of 4505865 and 3?
3
What is the greatest common divisor of 75 and 8796?
3
Calculate the greatest common factor of 13471 and 1713610.
19
Calculate the greatest common divisor of 28798 and 19822.
374
Calculate the highest common factor of 804 and 401412.
12
What is the highest common divisor of 51137566 and 7112?
254
Calculate the greatest common divisor of 6 and 144676947.
3
What is the greatest common factor of 107321 and 311933?
1003
What is the highest common divisor of 64523027 and 85077?
3151
What is the highest common factor of 16150 and 12988875?
475
Calculate the greatest common divisor of 48360 and 10790.
130
Calculate the greatest common factor of 768 and 7700304.
48
What is the greatest common factor of 128 and 623292576?
32
What is the greatest common factor of 32328544 and 9509?
257
Calculate the greatest common factor of 13335 and 4793615.
635
What is the greatest common divisor of 7 and 5294317?
7
What is the greatest common factor of 151515 and 72692568?
4329
What is the highest common divisor of 39439203 and 591?
591
Calculate the highest common divisor of 880 and 78890086.
22
Calculate the highest common factor of 2351237 and 5543517.
6139
What is the greatest common factor of 14886326 and 910?
182
What is the highest common factor of 782 and 2486438?
46
Calculate the highest common divisor of 644 and 79142.
14
Calculate the greatest common divisor of 153667085 and 1885.
1885
What is the highest common divisor of 57348 and 2965248?
324
What is the highest common factor of 1394954 and 34430?
22
Calculate the highest common factor of 2981 and 2789132.
271
Calculate the greatest common divisor of 25860900 and 32300.
1900
Calculate the highest common factor of 60912 and 5349258.
846
What is the highest common divisor of 48142505 and 54435?
955
Calculate the highest common factor of 3299888 and 20832.
496
What is the greatest common factor of 531625 and 3000?
125
Calculate the highest common factor of 50 and 539464610.
10
Calculate the highest common divisor of 7 and 35165921.
7
Calculate the greatest common factor of 477447 and 388741.
2609
What is the highest common divisor of 44789409 and 147?
21
Calculate the greatest common divisor of 16 and 23595272.
8
Calculate the greatest common factor of 286254 and 43586.
1178
Calculate the highest common factor of 1720655078 and 1268.
634
What is the highest common divisor of 36034 and 9353618?
86
Calculate the greatest common divisor of 43357 and 28841.
191
Calculate the highest common divisor of 266245770 and 6.
6
What is the highest common divisor of 10109 and 20141?
11
What is the greatest common factor of 71 and 54852541?
71
What is the greatest common factor of 4828977 and 729?
81
What is the greatest common factor of 12 and 2096114604?
12
Calculate the highest common divisor of 12920 and 8803365.
1615
What is the greatest common divisor of 1628 and 12642382?
74
What is the highest common divisor of 2438 and 3791726?
106
Calculate the highest common divisor of 19417360 and 32.
16
What is the greatest common divisor of 926160 and 32028?
204
What is the greatest common factor of 58 and 879470762?
58
What is the greatest common factor of 992208 and 432?
48
What is the highest common factor of 2607 and 189871?
11
What is the greatest common divisor of 4308670 and 279526?
1654
Calculate the highest common factor of 6713056 and 46.
46
What is the greatest common factor of 368804 and 689932?
548
What is the greatest common factor of 8290 and 12403498?
1658
Calculate the greatest common divisor of 14131669 and 592.
37
What is the greatest common factor of 791 and 193469899?
791
Calculate the highest common divisor of 882 and 4392262.
98
What is the highest common divisor of 40692482 and 1322?
1322
Calculate the greatest common divisor of 5255628 and 7030.
1406
Calculate the highest common factor of 14877 and 270243.
27
What is the highest common factor of 18846 and 292811?
349
What is the highest common divisor of 21336 and 115723797?
2667
Calculate the highest common factor of 7041693 and 2001.
87
What is the greatest common factor of 15489174 and 762?
762
Calculate the greatest common divisor of 49170247 and 1959.
653
Calculate the greatest common factor of 7500 and 93770.
10
Calculate the highest common divisor of 113085924 and 11172.
588
Calculate the greatest common divisor of 126636700 and 4100.
4100
What is the highest common divisor of 380 and 325186900?
380
Calculate the greatest common factor of 458 and 33699.
1
Calculate the greatest common 